1 - 9 = 0. Let u(f) = -4*f - f**3 - 1 + 2*f**3 + f - 4*f**x. What is u(r)?
9
Let x be 0 + -2 + (3 - 5). Let a(n) = n**3 + 4*n**2 + 3*n + 5. What is a(x)?
-7
Let i(j) = j - 1. Let q(g) = -4*g + 2. Let o(z) = 3*i(z) + q(z). Give o(-4).
3
Let a(f) = f**2 + 6*f - 4. Let m(y) = 1. Let v(z) = a(z) + 5*m(z). Give v(-5).
-4
Suppose -4*r = r + 15. Let f(o) = 13*o**3 - 5*o**2 + 11*o + 3. Let m(s) = 7*s**3 - 3*s**2 + 6*s + 2. Let a(h) = -6*f(h) + 11*m(h). Calculate a(r).
4
Let w(i) = -2*i + 11*i**2 - 26*i**2 + i + 11*i**2. Give w(1).
-5
Let v(f) = -5*f - 4. Let c(m) = 6*m + 5. Let w be 50/(-20)*(-4)/2. Let j(u) = w*v(u) + 4*c(u). Let l be 4/(-10) + 66/15. Determine j(l).
-4
Suppose 2*q = 4*q + 4. Let h(k) = 4*k**2 + 2*k + 1. Let d(j) = 11*j**2 + 7*j + 3. Let v(c) = 3*d(c) - 8*h(c). What is v(q)?
-5
Let v(s) = s + 10. Suppose -114 = 14*d - 2. Calculate v(d).
2
Let p(d) = d**2 - 8. Suppose 1 = 5*h - 3*q, -4*h = h + q - 13. Suppose 3*w = h*w. Give p(w).
-8
Let d(f) = f**3 - 6*f**2 + 4*f + 7. Let a = 23 + -34. Let q = -4 - a. Let s = 12 - q. Determine d(s).
2
Let n(f) = f + 1. Let d(a) = a**3 + 3*a**2 - 6*a + 5. Let t be d(-5). Let k = -10 - t. Let w = k + -1. Determine n(w).
5
Let o(k) = -5*k**3 + 10*k**2 + 6*k + 14. Let a(q) = -2*q**3 + 5*q**2 + 3*q + 7. Let z(i) = 7*a(i) - 3*o(i). Calculate z(-5).
-8
Suppose -5*x = -3*c + 4, 6*c - 16 = c - x. Let a(n) = n**2 - 987*n + 3*n**2 + 984*n + 1 - n**3. Determine a(c).
1
Let f(h) = h. Let y be f(-6). Let a(l) = l**2 + 7*l - 11. Let k(p) = p**2 + 6*p - 10. Let z(r) = y*a(r) + 7*k(r). Determine z(4).
12
Let r(j) be the second derivative of 0 - 2*j + 0*j**2 + 0*j**3 - 1/12*j**4. Calculate r(-2).
-4
Let j(l) = l**2 - 2*l + 7. Let v(p) = 2*p**2 + 11. Let o(z) = 4*z**2 - z + 23. Let d(r) = -3*o(r) + 5*v(r). Let i(f) = 4*d(f) + 9*j(f). Determine i(5).
2
Let u(g) = g**3 + 9*g**2 + 6*g - 11. Suppose -7*v = -11*v - 32. Determine u(v).
5
Let j(r) be the first derivative of -r**4/4 - r**2/2 - 6*r + 9. What is j(0)?
-6
Let j(i) be the third derivative of 1/8*i**4 + 0 + 1/20*i**5 + 0*i + 3*i**2 + 0*i**3. Suppose 3*n = 12, -s - s + 2*n = 12. Determine j(s).
6
Let k(l) = l + 5. Let p(s) = -s - 1. Let t(z) = -k(z) - 2*p(z). Determine t(6).
3
Let y be 9 + (-1)/(2 - 1). Let c be (9/4)/((-3)/y). Let q(r) = -r - 5. Determine q(c).
1
Suppose -4*u = 1 + 11. Let o = -8 - u. Let g(a) = 2*a + 7. Calculate g(o).
-3
Let y(s) = s**2 - 5*s - 5. Let w be y(6). Suppose 33 = -4*p + w. Let m(o) = o**3 + 8*o**2 + o + 3. Let q be m(p). Let f(a) = a**2 + 6*a + 5. Determine f(q).
0
Let b(p) be the first derivative of 4*p**3/3 + p + 10. Calculate b(-2).
17
Let d(h) = h**2 + 5*h + 4. Let r be d(-5). Suppose -4 = -4*o + 2*b + 2*b, 5*b = 3*o + 7. Let q(l) = 2*l**2 - 5*l + l + o + 2*l**2 - 3*l**2. Determine q(r).
6
Suppose 25 = -5*p + d, -4*p - 31 = 3*d - 6*d. Let f be 101/11 - p/(-22). Suppose 4*u - 7 - f = 0. Let r(g) = -g**3 + 5*g**2 - 4*g + 1. Determine r(u).
1
Let d(s) = -5 + 7*s + s**2 + s - 2*s. What is d(-5)?
-10
Let o(w) = -w - 2. Let s(y) = y + 4. Let i(c) = 4*o(c) + 3*s(c). Determine i(6).
-2
Let v(x) be the third derivative of 0*x**3 + 0 + 1/24*x**4 - 1/40*x**6 + 0*x + 1/60*x**5 + 2*x**2. Determine v(-1).
3
Let f(c) be the first derivative of c**5/20 - c**4/2 + 7*c**3/6 - 2*c**2 + c - 3. Let k(r) be the first derivative of f(r). What is k(4)?
-8
Suppose -h + 22 = -2*w + 6*w, 5*h + 5*w = 80. Let v = -10 + h. Let z(o) = -o + 9. Give z(v).
5
Let q(u) = -2*u - 1 - 5 - 2*u + 3*u. Determine q(-3).
-3
Let o = 62 - 42. Suppose 0 = -3*i + 4*j + o, -i = 3*i - 4*j - 20. Let m(w) = -4*w + i*w - 3 - 4 + 5*w. Determine m(6).
-1
Let y(p) be the third derivative of p**5/60 + p**4/8 + p**3/6 - 57*p**2. Suppose 0*u = -u + 2*n + 9, -10 = 2*u + 3*n. Suppose -u - 3 = 2*a. What is y(a)?
-1
Let r(j) = 3*j**2 + 2*j - 1. Suppose 9 - 1 = 2*d. Suppose 5*h - d = 11. Suppose -6 + 3 = -h*c. Give r(c).
4
Let h(y) = y**3 + 3*y**2 - 3*y - 2. Let f be h(-4). Let l(n) = -n - 1. Determine l(f).
5
Suppose -4*f - 3*g - 23 = -4*g, 4*g - 26 = 5*f. Let t(d) be the first derivative of d**2/2 + 5*d + 2. Give t(f).
-1
Let o(z) = z**2 - 3*z - 7. Let n be o(5). Suppose 0 = -2*g - 3*c + n, -c - 10 = -4*g + g. Let x(s) = 0*s - g*s + 5*s - 6. What is x(4)?
2
Let b(n) be the third derivative of 1/6*n**3 + 1/15*n**5 - 4*n**2 + 0*n + 0 - 1/12*n**4. Calculate b(1).
3
Let b(j) = 4*j + 4. Let u(s) = 1. Let f(n) = -b(n) + 5*u(n). What is f(3)?
-11
Let b(x) be the second derivative of x**3/6 + x. Let l(i) = 4*i - 10. Let p(u) = u. Let a(z) = l(z) - 3*p(z). Let k be a(5). Calculate b(k).
-5
Let p(l) = 3*l + 2 - 1 + l. Suppose 4*m = -0*m + 2*o + 8, -2*o = 0. Suppose 3*y - 1 = m. Determine p(y).
5
Let l(x) = x**2 - x + 1. Let c be l(0). Let h(t) = 5*t**2 - 3*t + 4. Let o(u) = -3*u**2 - 2*u**2 + 2*u - 1 - 2. Let w(j) = 4*h(j) + 5*o(j). What is w(c)?
-6
Let u = -12 - -15. Let o(i) = i**2 - 2*i - 1. Give o(u).
2
Suppose 2*z + 25 = -3*z. Let k = z - -7. Let w(o) be the second derivative of -o**3/6 + o**2 - o. Determine w(k).
0
Let w(t) = -6*t - 4. Let g(j) = j. Let z(x) = 5*g(x) + w(x). Calculate z(-2).
-2
Let f be (-63)/9 + 0/1. Let j(x) = x**3 + 7*x**2 + x - 2. Give j(f).
-9
Let p(l) be the third derivative of l**5/60 + l**4/24 - l**3/2 - 2*l**2. Suppose 2*j + 4*a = -4 - 0, j + 3 = -3*a. Give p(j).
-3
Let g = 5 - 7. Suppose 4*b - 9*b = -35. Let o be -8*(3 + b/g). Let f(k) = k**3 - 3*k**2 - 3*k - 5. What is f(o)?
-1
Let u(a) = -a**3 + 5*a**2 - a + 3. Let r = -15 - -5. Let j(d) = -d**2 - 10*d + 5. Let p be j(r). Calculate u(p).
-2
Let j(r) be the first derivative of 2 + 0*r**3 - 1/2*r**2 - 2*r - 1/3*r**4. Let n(u) be the first derivative of j(u). Determine n(-1).
-5
Let g(k) = -5*k**2 + 4*k + 7. Suppose 17 = 2*j + 2*a - 1, 0 = -3*j - 5*a + 37. Let u(z) = 3*z**2 - 2*z - 4. Let f(d) = j*g(d) + 7*u(d). Give f(-3).
3
Suppose -10 = -7*n + 3*n - 2*w, 2*n + 5*w - 17 = 0. Let u(j) = 13*j**2 + 1 - 28*j + 9*j**2 + 27*j - 4*j**2. Give u(n).
18
Let p(w) = w**3 - w - 9. Let f(k) = k**2 + 3*k + 2. Let c be f(-1). What is p(c)?
-9
Let u(q) = 2*q - q**3 + 6*q - 8*q - 2. Let d be u(-2). Suppose -2*c + d - 2 = 0. Let r(h) = 2*h**3 - 2*h**2 + h - 1. Calculate r(c).
9
Let d(w) = 4*w + 7. Let o(i) = 7*i + 13. Let c(v) = -5*d(v) + 3*o(v). Let g be 85/4 - 7/28. Let k = g - 27. Give c(k).
-2
Let q be 11/2 - (-1)/2. Suppose 0 = -3*z + q*z. Let u(n) = -5*n**2 - 11*n + 4. Let m(w) = -2*w**2 - 4*w + 1. Let a(i) = -8*m(i) + 3*u(i). What is a(z)?
4
Let x(g) be the second derivative of 0*g**4 + 4*g + 1/5*g**5 + 0*g**3 + 0 + 1/2*g**2. Calculate x(-1).
-3
Let r(v) = 7*v. Let x(o) = 2*o. Let d(a) = r(a) - 3*x(a). Let u = 0 - -1. Let y(i) = 2*i - 3. Let f(c) = u*y(c) - d(c). Calculate f(5).
2
Let o(t) = 0 + 0 + t**2 - 3*t + 0. Calculate o(3).
0
Let u(g) be the second derivative of g**3/6 + 5*g. Calculate u(-5).
-5
Let i(q) = -6*q**2 - 6*q**2 - 2*q + 2 + 15*q**2. Determine i(2).
10
Let s(b) = 5*b**3 - 2*b**2 + 2. Let c(v) = -5*v**3 + 3*v**2 - 3. Let j(z) = 3*c(z) + 4*s(z). Let q = -1 - 0. Calculate j(q).
-5
Let q(t) = t + 2. Suppose -3*c + 20 - 59 = -5*u, 2*c + 1 = -5*u. What is q(c)?
-6
Let p be (10/(-8))/((-1)/(-4)). Let v(i) = i**3 + 6*i**2 + 5*i + 1. Calculate v(p).
1
Let n(f) = f**2 + 18*f + 14. Let k be n(-13). Let a be k/9 + 2/3. Let t(b) = -b - 5. Determine t(a).
0
Let y(s) = 3*s**3 + s**2 - s. Let u = -5 - -6. Give y(u).
3
Let u(z) = -z**3 - 4*z**2 + 8*z + 10. Let b be u(-5). Let j(m) = m**3 + 4*m**2 - 5*m + 6. Give j(b).
6
Let k(d) = -8*d**2 - d + 1. Let z(g) = 9*g**2 + g - 1. Let y(v) = 4*k(v) + 3*z(v). Let l(w) be the first derivative of y(w). Determine l(-1).
9
Let y(w) = 0 - w - 5 - 3 + 12. What is y(-4)?
8
Let p(a) be the third derivative of a**5/60 + 5*a**4/24 + 7*a**3/6 - 7*a**2. What is p(-5)?
7
Let q(u) = 2*u**2 + 2*u + 2. Let k(y) = -2*y - 5*y**2 - 2 - 4 - 4*y + 4*y**2. Let g be k(-4). Suppose -2 = -r + g*r. Determine q(r).
6
Suppose -2 = -2*f + 4*p, 4*p - 28 = -f - 3*f. Let o be (2 + -1)/(2/4). Let t(a) = a - o*a + 0*a + 2. What is t(f)?
-3
Let k be 3/(-1) + (-28)/(-14). Let z(l) = -l**2 - l. Calculate z(k).
0
Let m(r) be the second derivative of -3*r - 1/2*r**2 + 0 + 1/6*r**3 - 1/60*r**5 + 0*r**4 - 1/60*r**6. Let q(o) be the first derivative of m(o). Give q(1).
-2
Let w(u) = u**3 + 5*u**2 + 3*u + 2. Let v = -2 - -2.